e the greatest common divisor of 636 and 3294798.
318
What is the greatest common factor of 19364 and 116596?
412
What is the greatest common factor of 33841 and 43?
43
What is the greatest common factor of 113 and 464543?
113
What is the greatest common factor of 2675 and 3500?
25
What is the highest common factor of 26611 and 416?
13
Calculate the greatest common factor of 4160 and 1066.
26
What is the highest common factor of 1776 and 498?
6
What is the highest common factor of 228 and 1386354?
114
What is the greatest common divisor of 142982 and 4606?
98
What is the greatest common divisor of 290 and 523624?
58
What is the greatest common divisor of 4366 and 247446?
118
What is the highest common factor of 156153 and 141?
3
What is the greatest common factor of 5238 and 3636?
18
Calculate the greatest common divisor of 754 and 2158.
26
Calculate the highest common divisor of 17814 and 54.
6
What is the greatest common factor of 330164 and 354?
118
What is the greatest common factor of 26010 and 5100?
510
What is the greatest common factor of 9159 and 3763?
71
What is the greatest common divisor of 2096 and 2985228?
524
What is the greatest common factor of 156866 and 82?
82
What is the greatest common factor of 9920 and 10?
10
Calculate the highest common factor of 520 and 14093560.
520
What is the greatest common factor of 366735 and 5?
5
Calculate the highest common divisor of 1004 and 145831.
251
Calculate the greatest common factor of 45530 and 44080.
290
What is the greatest common divisor of 320 and 167880?
40
Calculate the highest common factor of 81106 and 214.
214
What is the greatest common factor of 357 and 461125?
119
What is the greatest common divisor of 124775 and 140?
35
What is the greatest common divisor of 59 and 42952?
59
Calculate the greatest common divisor of 1180 and 2650870.
590
What is the greatest common factor of 810 and 738?
18
Calculate the greatest common divisor of 144 and 12108.
12
Calculate the greatest common factor of 44 and 2617967.
11
What is the greatest common divisor of 143 and 3237?
13
What is the highest common divisor of 81690 and 270?
30
What is the greatest common divisor of 45898 and 6495?
433
Calculate the greatest common divisor of 2959 and 121.
11
What is the highest common factor of 629825 and 549?
61
Calculate the highest common factor of 96 and 242688.
96
What is the greatest common divisor of 899330 and 35?
5
What is the highest common factor of 16750 and 2000?
250
What is the highest common divisor of 464 and 2088?
232
Calculate the highest common divisor of 10626 and 378.
42
What is the greatest common factor of 141750 and 42?
42
Calculate the greatest common factor of 16507 and 136.
17
Calculate the greatest common divisor of 29263 and 247.
13
Calculate the greatest common divisor of 16 and 76624.
16
What is the highest common divisor of 8591 and 121?
121
What is the greatest common divisor of 350 and 77140?
70
Calculate the greatest common divisor of 35059 and 1.
1
Calculate the greatest common factor of 17168 and 12528.
464
Calculate the greatest common divisor of 1122042 and 6192.
258
What is the greatest common divisor of 37496 and 1032?
344
What is the greatest common divisor of 6 and 1611240?
6
Calculate the greatest common divisor of 4483145 and 164.
41
What is the highest common divisor of 45941 and 7?
7
What is the greatest common factor of 6527 and 36112?
61
Calculate the highest common divisor of 322 and 266938.
322
Calculate the greatest common divisor of 3415 and 215.
5
What is the greatest common factor of 350 and 25330?
10
Calculate the highest common divisor of 473 and 263117.
43
Calculate the highest common factor of 3094 and 85748.
442
What is the highest common factor of 8889 and 501?
3
What is the greatest common divisor of 7738968 and 1032?
1032
What is the greatest common divisor of 261 and 10469?
29
What is the highest common factor of 1790 and 358?
358
Calculate the highest common factor of 6770 and 1530.
10
What is the highest common factor of 6375 and 12495?
255
What is the highest common divisor of 2091 and 24231?
123
What is the greatest common factor of 162342 and 3654?
522
What is the greatest common divisor of 495 and 96855?
165
Calculate the greatest common divisor of 2228 and 3606575.
557
What is the greatest common factor of 218640 and 144?
48
Calculate the highest common factor of 7903 and 14.
7
Calculate the greatest common factor of 23 and 576.
1
Calculate the greatest common factor of 5797 and 9911.
187
What is the highest common factor of 353720 and 185?
185
What is the highest common divisor of 942959 and 1055?
211
What is the greatest common divisor of 528 and 1716?
132
Calculate the greatest common divisor of 10860 and 8507.
181
What is the highest common divisor of 363 and 648681?
363
What is the greatest common factor of 8722 and 264698?
98
Calculate the greatest common factor of 47895 and 2480.
155
What is the highest common divisor of 605 and 776215?
605
What is the greatest common factor of 190 and 9090455?
95
What is the greatest common divisor of 3464901 and 18?
9
What is the greatest common factor of 18113 and 767?
59
Calculate the greatest common divisor of 4783617 and 243.
81
What is the highest common divisor of 7729 and 5109?
131
Calculate the highest common divisor of 966656 and 1888.
1888
What is the highest common divisor of 25162 and 166?
2
What is the highest common divisor of 48461 and 161?
161
Calculate the greatest common factor of 33 and 12287.
11
What is the greatest common factor of 227874 and 652?
326
Calculate the greatest common factor of 301 and 776279.
301
Calculate the highest common divisor of 628 and 170502.
314
Calculate the highest common factor of 27405 and 630.
315
Calculate the greatest common divisor of 74875 and 1198.
599
Calculate the greatest common factor of 5764 and 47946.
262
Calculate the greatest common factor of 137388 and 24.
12
Calculate the highest common factor of 376 and 18283.
47
What is the highest common factor of 35640 and 20680?
440
What is the greatest common factor of 71624 and 154?
14
What is the greatest common factor of 324 and 18873?
81
What is the highest common factor of 13824 and 7749?
27
What is the highest common factor of 80080 and 1120?
560
Calculate the greatest common factor of 798 and 163362.
114
What is the highest common factor of 12781 and 2?
1
What is the highest common divisor of 201041 and 2286?
127
What is the highest common factor of 100 and 147150?
50
What is the greatest common divisor of 160 and 2188380?
20
Calculate the greatest common factor of 1698 and 2029959.
849
Calculate the greatest common factor of 77 and 51535.
11
Calculate the highest common divisor of 3512 and 296.
8
Calculate the highest common factor of 164 and 209428.
164
Calculate the highest common factor of 82211 and 6462.
359
Calculate the greatest common factor of 16351 and 2167.
197
What is the highest common divisor of 126 and 7443?
9
Calculate the highest common divisor of 6200 and 961.
31
What is the highest common factor of 160 and 10118080?
160
What is the highest common divisor of 33842 and 4?
2
What is the greatest common divisor of 88000 and 25?
25
What is the greatest common factor of 43328 and 448?
64
Calculate the greatest common factor of 117292 and 56.
28
What is the greatest common factor of 55130 and 74?
74
Calculate the highest common factor of 108060 and 60.
60
What is the greatest common divisor of 130 and 526825?
65
What is the highest common factor of 27 and 9216?
9
Calculate the greatest common factor of 12 and 61428.
12
Calculate the highest common divisor of 32832 and 64.
64
What is the greatest common factor of 70 and 384636?
14
Calculate the highest common factor of 276 and 275448.
276
Calculate the greatest common factor of 19384 and 16.
8
Calculate the greatest common divisor of 672 and 31542.
42
What is the highest common divisor of 184296 and 378?
42
What is the highest common divisor of 18297 and 8873?
19
Calculate the highest common factor of 1423387 and 7.
7
What is the highest common factor of 117 and 1773759?
39
What is the greatest common divisor of 390 and 9438?
78
What is the greatest common factor of 714 and 1393?
7
Calculate the greatest common f